st the prime factors of 423114.
2, 3, 97, 727
List the prime factors of 1025546.
2, 181, 2833
What are the prime factors of 1636300?
2, 5, 16363
List the prime factors of 6842284.
2, 269, 6359
What are the prime factors of 5958348?
2, 3, 11, 45139
What are the prime factors of 2754959?
487, 5657
What are the prime factors of 8825536?
2, 37, 3727
List the prime factors of 23198969.
379, 61211
What are the prime factors of 285532?
2, 13, 17, 19
List the prime factors of 1394957.
73, 97, 197
What are the prime factors of 5864369?
7, 19, 6299
What are the prime factors of 117988?
2, 13, 2269
What are the prime factors of 211435?
5, 7, 863
What are the prime factors of 7576548?
2, 3, 7, 90197
What are the prime factors of 541378?
2, 270689
What are the prime factors of 1063529?
1063529
What are the prime factors of 6058435?
5, 19, 63773
What are the prime factors of 13842963?
3, 19, 80953
What are the prime factors of 9277402?
2, 659, 7039
What are the prime factors of 5744349?
3, 13, 29, 1693
List the prime factors of 4740875.
5, 17, 23, 97
What are the prime factors of 2589988?
2, 31, 20887
What are the prime factors of 265066?
2, 132533
What are the prime factors of 23977?
23977
What are the prime factors of 231353?
17, 31, 439
What are the prime factors of 9904169?
11, 47, 19157
What are the prime factors of 3438852?
2, 3, 53, 5407
List the prime factors of 4800246.
2, 3, 11, 257, 283
What are the prime factors of 4853895?
3, 5, 151, 2143
List the prime factors of 586519.
59, 9941
List the prime factors of 2379883.
11, 19, 59, 193
List the prime factors of 17664479.
7, 17, 79, 1879
List the prime factors of 3707055.
3, 5, 11, 7489
List the prime factors of 16845228.
2, 3, 491, 953
List the prime factors of 85158.
2, 3, 19, 83
What are the prime factors of 2379686?
2, 1189843
What are the prime factors of 13090002?
2, 3, 613, 3559
List the prime factors of 3416644.
2, 7, 11, 11093
List the prime factors of 2786098.
2, 7, 59, 3373
What are the prime factors of 1528846?
2, 11, 69493
What are the prime factors of 65085?
3, 5, 4339
What are the prime factors of 19753?
19753
What are the prime factors of 173149?
173149
List the prime factors of 516727.
516727
List the prime factors of 102107.
102107
List the prime factors of 2999010.
2, 3, 5, 7, 14281
List the prime factors of 6522217.
13, 38593
List the prime factors of 3007989.
3, 37, 3011
List the prime factors of 1400685.
3, 5, 11, 13, 653
List the prime factors of 9859966.
2, 17, 289999
What are the prime factors of 940279?
940279
List the prime factors of 1339416.
2, 3, 13, 53
List the prime factors of 6005193.
3, 2001731
List the prime factors of 13243146.
2, 3, 7, 315313
List the prime factors of 10659692.
2, 2664923
What are the prime factors of 3513758?
2, 193, 9103
What are the prime factors of 145579?
7, 2971
List the prime factors of 2841801.
3, 31, 30557
What are the prime factors of 7664303?
83, 107, 863
List the prime factors of 1799744.
2, 61, 461
List the prime factors of 22529077.
757, 29761
What are the prime factors of 3872522?
2, 571, 3391
List the prime factors of 461766.
2, 3, 76961
What are the prime factors of 1678300?
2, 5, 13, 1291
What are the prime factors of 24804?
2, 3, 13, 53
What are the prime factors of 423963?
3, 17, 163
List the prime factors of 89162.
2, 109, 409
List the prime factors of 504305.
5, 17, 349
List the prime factors of 12844339.
12844339
List the prime factors of 5690349.
3, 7, 41, 2203
List the prime factors of 37508.
2, 9377
What are the prime factors of 3909866?
2, 1954933
What are the prime factors of 100391?
100391
List the prime factors of 6102603.
3, 13, 43, 1213
List the prime factors of 709367.
419, 1693
What are the prime factors of 952290?
2, 3, 5, 3527
What are the prime factors of 863682?
2, 3, 143947
List the prime factors of 12322270.
2, 5, 1232227
What are the prime factors of 18628257?
3, 6209419
List the prime factors of 4690680.
2, 3, 5, 39089
List the prime factors of 15084686.
2, 631, 11953
List the prime factors of 414027.
3, 179, 257
List the prime factors of 199743.
3, 139, 479
List the prime factors of 11071142.
2, 23, 240677
List the prime factors of 430580.
2, 5, 21529
List the prime factors of 974275.
5, 38971
What are the prime factors of 670280?
2, 5, 13, 1289
What are the prime factors of 218659?
7, 31237
List the prime factors of 1131263.
7, 23087
List the prime factors of 53399.
67, 797
What are the prime factors of 475443?
3, 17609
What are the prime factors of 7229069?
7229069
What are the prime factors of 2150688?
2, 3, 43, 521
List the prime factors of 630574.
2, 7, 73, 617
List the prime factors of 115430.
2, 5, 7, 17, 97
What are the prime factors of 246954?
2, 3, 79, 521
What are the prime factors of 568594?
2, 13, 19, 1151
List the prime factors of 882911.
19, 31, 1499
What are the prime factors of 196240?
2, 5, 11, 223
What are the prime factors of 1101943?
19, 59, 983
What are the prime factors of 35285460?
2, 3, 5, 7, 29, 2897
List the prime factors of 1189441.
11, 108131
What are the prime factors of 3307922?
2, 73, 139, 163
List the prime factors of 8991372.
2, 3, 13, 57637
List the prime factors of 777686.
2, 7, 13, 4273
What are the prime factors of 648495?
3, 5, 14411
List the prime factors of 180530.
2, 5, 7, 2579
List the prime factors of 1393748.
2, 348437
List the prime factors of 488950.
2, 5, 7, 11, 127
What are the prime factors of 225127?
7, 29, 1109
What are the prime factors of 709564?
2, 53, 3347
List the prime factors of 270279.
3, 59, 509
What are the prime factors of 18493?
18493
List the prime factors of 513263.
73, 79, 89
List the prime factors of 33904.
2, 13, 163
What are the prime factors of 60988?
2, 79, 193
List the prime factors of 1934406.
2, 3, 107467
List the prime factors of 1162548.
2, 3, 43, 751
What are the prime factors of 19925?
5, 797
List the prime factors of 761909.
739, 1031
What are the prime factors of 468703?
468703
What are the prime factors of 1063155?
3, 5, 70877
List the prime factors of 1375840.
2, 5, 8599
List the prime factors of 16206942.
2, 3, 317, 8521
What are the prime factors of 154138?
2, 77069
List the prime factors of 343240.
2, 5, 8581
List the prime factors of 20228.
2, 13, 389
What are the prime factors of 28684621?
7, 263, 15581
List the prime factors of 13969691.
13969691
List the prime factors of 89822.
2, 97, 463
What are the prime factors of 256424?
2, 7, 19, 241
List the prime factors of 4757751.
3, 176213
List the prime factors of 2153979.
3, 79777
What are the prime factors of 17888145?
3, 5, 11, 108413
List the prime factors of 321524.
2, 7, 11483
What are the prime factors of 3296296?
2, 412037
What are the prime factors of 528524?
2, 71, 1861
List the prime factors of 121504.
2, 3797
What are the prime factors of 913276?
2, 7, 13, 193
List the prime factors of 5911146.
2, 3, 328397
List the prime factors of 2172941.
29, 74929
List the prime factors of 167999.
13, 12923
List the prime factors of 17313775.
5, 53, 73, 179
What are the prime factors of 5230150?
2, 5, 29, 3607
List the prime factors of 446509.
7, 227, 281
What are the prime factors of 21014469?
3, 7, 333563
List the prime factors of 1115979.
3, 41, 43, 211
What are the prime factors of 1684423?
13, 9967
What are the prime factors of 662613?
3, 7, 139, 227
What are the prime factors of 3493160?
2, 5, 11, 17, 467
List the prime factors of 1190576.
2, 74411
List the prime factors of 718161.
3, 239387
List the prime factors of 176664.
2, 3, 17, 433
List the prime factors of 1778079.
3, 592693
List the prime factors of 552990.
2, 3, 5, 18433
What are the prime factors of 106007?
11, 23, 419
List the prime factors of 940843.
709, 1327
What are the prime factors of 1308019?
1308019
List the prime factors of 6573506.
2, 19, 172987
List the prime factors of 182664.
2, 3, 43, 59
What are the prime factors of 346401?
3, 11, 3499
What are the prime factors of 611019?
3, 67891
List the prime factors of 109163.
173, 631
What are the prime factors of 6530690?
2, 5, 659, 991
List the prime factors of 8863639.
8863639
What are the prime factors of 456773?
17, 97, 277
What are the prime factors of 2413496?
2, 29, 101, 103
What are the prime factors of 1405208?
2, 7, 23, 1091
List the p